 (7 - 5) - (3 + -5)
4
0 + (2 - -2) + -1
3
3 - (-1 + (-1 - (-3 + -4)))
-2
What is the value of (-7 - 0 - -12) + -2?
3
-8 + 4 - -4 - (-8 - -3)
5
Evaluate (3 - 1 - 0) + -4 + -2.
-4
What is 5 + -7 + (2 + -2 - 2)?
-4
Calculate (-2 - -2) + -2 - (-6 - -3).
1
Calculate -1 + 2 + -7 - (209 - 211).
-4
Evaluate (-4 - -2) + 4 - 4.
-2
Evaluate -1 + (-3 - 0) + -4 - -5.
-3
What is 3 + -3 + 2 + -3?
-1
(4 - 2) + -1 - -2
3
Evaluate (5 - 1) + (2 - 0 - 2).
4
Evaluate 5 + -2 - (3 + 0).
0
Evaluate -8 - (-12 - (-4 + 0)).
0
What is -1 - 2 - (-3 + -2)?
2
Evaluate -2 - (-1 + (-6 - -8)).
-3
What is 8 + -10 - -6 - 2?
2
What is the value of 0 + -7 + (99 - 88)?
4
Evaluate (9 + -3 - 10) + (-1 - -1).
-4
Calculate 13 + (1 - (4 + (-3 - -2))).
11
What is the value of -5 + -1 + 87 + -89?
-8
What is the value of -3 - -1 - (48 + -45)?
-5
What is -4 + 12 + 0 + -1 - 4?
3
What is -3 + 0 + 9 - 9 - -1?
-2
Calculate 5 + -1 + 5 + 10 + -15.
4
Calculate 4 + (6 - (1 + 5 + -3)).
7
Calculate 0 + -4 + (3 - 2) + -1.
-4
-5 + -9 + 3 + 18
7
What is the value of (4 - 7) + 1 + 1?
-1
Evaluate (2 - (-1 - (-5 - -4))) + 4.
6
What is the value of 0 - -3 - (14 + -6)?
-5
What is (-16 - -7 - -10) + (1 - 3)?
-1
Calculate 1 + (-2 - 11 - -3) - -4.
-5
What is the value of (9 + 5 - 8) + -6?
0
Calculate 2 + 1 + 1 + -3.
1
2 + -1 - (1 + -1 + -1)
2
What is -2 + (2 + -1 - -2)?
1
What is the value of 4 - (5 + -5) - (1 + -3)?
6
What is the value of -6 + -2 + 5 + 1?
-2
What is -4 - -3 - (-6 + 2)?
3
Evaluate -2 - (-6 - ((2 - 5) + 5)).
6
Evaluate (2 + -7 - (0 - 5)) + 0.
0
Calculate 3 - ((-8 - -4) + 7).
0
Evaluate -17 + (9 - (-2 - -2)).
-8
Calculate -10 + 0 + (-48 - -55).
-3
-1 + 0 + 2 + 24 + -23
2
What is -2 - (-10 - ((-3 - 3) + 3))?
5
Evaluate -2 - 1 - (-39 - -40) - -1.
-3
What is the value of -4 - (6 + (3 - 9) + 3)?
-7
What is the value of 0 - (2 + 1 + -2 + 0)?
-1
What is 5 - (4 - (-9 - -5 - -9))?
6
Evaluate -4 - (4 + -4 + -6).
2
2 - -3 - (-4 - (-3 - 2))
4
Evaluate 7 + 1 + -7 + (1 - 1).
1
What is the value of 1 + 4 + (-5 - 1)?
-1
Calculate -1 - (0 - 2) - (6 + -10).
5
What is the value of -1 - -2 - (-1 - -1)?
1
Evaluate 0 + 1 + -1 + (-28 - -25).
-3
What is the value of 1 + 3 + (-8 - -5 - -4)?
5
What is 3 + 2 + -7 - (-11 - -7)?
2
Calculate -4 + 5 - (0 + 1) - 4.
-4
What is the value of 1 + -3 + 1 + -4?
-5
What is -1 - ((6 - 25) + 8) - 2?
8
(1 - 1) + 0 + -4 + 3
-1
Calculate -2 - (-3 + 0) - (3 - 2).
0
2 + 5 + -4 + -5
-2
1 - 1 - (-3 + (3 - -3))
-3
What is the value of (6 + -6 - -2) + -5?
-3
Calculate 13 + (-11 - 3) + 7.
6
(-3 - (6 - 16)) + -4
3
What is the value of 0 + 2 - (-4 - (-21 + 11))?
-4
What is the value of 10 - (3 - (1 - 3))?
5
Evaluate 2 + -5 + 7 - 11.
-7
What is (0 - (6 + -3)) + -1?
-4
What is the value of -23 - -16 - (-4 + 1)?
-4
Evaluate (8 - 14) + 8 + 4.
6
What is 2 + 0 - (14 + -17)?
5
3 + 1 + (-11 - -9)
2
Evaluate -5 - (2 + 6 - 12).
-1
Evaluate -16 + 11 - (-9 + 1) - 9.
-6
Evaluate 79 + -86 + (-1 - -3 - 2).
-7
Evaluate -7 + (-2 - 6) - -7.
-8
What is -7 - -3 - (2 - 4)?
-2
(-1 - (1 - 6)) + 28 + -33
-1
Calculate -3 + -3 + 6 + -5 - 1.
-6
What is the value of -8 + (0 - 2) + 5?
-5
What is 192 + -194 + (0 - -2) + 2?
2
What is -137 - -137 - (9 + -1)?
-8
-4 + 4 + 8 + (7 - 13)
2
Evaluate -3 + -2 - (-4 - (1 + 4)).
4
What is the value of 1 - -5 - (-9 + 18)?
-3
Calculate 20 - 19 - (2 + -2 - -11).
-10
What is 7 - (9 + -2) - -4?
4
Evaluate (-1 + 0 - (18 + -24)) + 2.
7
-23 + 21 - (-7 + 0)
5
What is (-2 - (6 - 8)) + -2?
-2
What is the value of 2 + 3 + -3 + -5 - 0?
-3
What is (0 - -9) + -7 - -4?
6
Evaluate 3 + 1 - 9 - 0.
-5
Evaluate (-1 + -12 - (34 - 34)) + 6.
-7
What is (1 - (0 - 3)) + -4?
0
What is the value of 4 - (-1 - -6 - (1 - -2))?
2
Evaluate 9 - (8 - 0) - (-11 + 3).
9
What is the value of -7 - ((-13 - -6) + 8)?
-8
What is the value of -6 - (-2 + -7 + 6)?
-3
-7 + (3 - 2) + 3
-3
Evaluate 3 - 8 - ((2 - 3) + -3).
-1
Evaluate (-66 - -66) + (-2 - -1) + -3.
-4
4 + (4 - (-7 - -13))
2
What is the value of -20 + 7 - -9 - (-2 - 4)?
2
(-7 - (2 - (0 + 7))) + -4
-6
What is -3 + 7 - (-1 + -2)?
7
Evaluate -14 + 0 + 179 + -173.
-8
Calculate -11 + 1 + (1 - 7 - -11).
-5
What is 3 - (4 + -4 + (-3 - -5))?
1
What is the value of 6 + (4 + -7 - 6 - -4)?
1
Calculate 4 + -2 + 3 + 0.
5
What is the value of (1 + 5 + -5 - 2) + 7?
6
What is the value of 4 + (-5 - (-3 - 0))?
2
Calculate (-8 - -1) + (-15 - -9) + 6.
-7
What is (0 - 2) + -3 + -16 + 16?
-5
6 + -9 + (-1 - -12) + -5
3
(-6 + 5 - 0) + (-1 - -2)
0
What is (-4 + 6 - 2) + 4?
4
What is -12 - (-7 + (4 - 12))?
3
-1 + -5 + (1 - 2)
-7
Calculate 8 + (0 - 4) - -2.
6
What is the value of -11 - (-11 + 6) - (-4 - -1)?
-3
Evaluate -1 + (1 - ((2 - 3) + 3)).
-2
What is the value of -11 + 7 - (0 - (0 + -1))?
-5
4 + (-3 - -4) - 3
2
What is 6 + 2 + -7 + 4?
5
(-2 - -3) + (1 - 3) - -1
0
What is the value of -13 + 13 - (-1 - 0)?
1
-4 - (-1 + (-8 - -7))
-2
What is 3 + 6 + 0 + -9 + -7?
-7
(3 - -1) + (-2 - -2) + -1
3
What is 8 + -1 + -4 - 7?
-4
Evaluate -7 + 11 + -8 + 0.
-4
What is 7 + -1 - (-49 + 58)?
-3
(0 - 2) + (4 - 4)
-2
What is 2 + -4 - (-1 + -2)?
1
44 + -49 + 8 + (-2 - 0)
1
3 - 4 - (1 - -1)
-3
What is (13 - 25) + 9 - (2 + -9)?
4
-1 + (6 - 1) + -5
-1
Evaluate -5 - (3 - 2 - (4 + 4)).
2
Calculate -9 - -13 - (-3 + 0).
7
Calculate 0 - (-1 - (-6 + 3)).
-2
Calculate (5 + 0 - -4) + -8.
1
10 - (10 - (2 - -4))
6
What is (-17 - (-6 + -5)) + (-1 - 0)?
-7
What is 24 - 28 - (-9 - -1) - 4?
0
Calculate -1 + -11 - (-96 + 95).
-11
Evaluate (-11 - (2 - 6)) + 3 + 12.
8
What is the value of -1 + 2 - (8 - 3)?
-4
Calculate -2 - (-5 - (-5 + -4)).
-6
What is 8 + -8 - (-1 + 5)?
-4
What is 4 + -3 + (4 - 0)?
5
Calculate 1 - (-2 + -3 + 1 + 3).
2
What is the value of (-1 - 3) + (5 - 1)?
0
Evaluate (3 - 10) + (-4 - (-6 - -1)).
-6
-5 - -1 - (-26 + 21)
1
What is -6 - (7 + -4 - (-2 - -7))?
-4
What is the value of -1 - (5 + -3 - 1)?
-2
-3 - -2 - ((-16 - -7) + 6)
2
Calculate -7 - (-1 - 2 - 10).
6
-2 + 0 + 13 + -4 + -10
-3
-5 + (48 - 44 - (5 - 1))
-5
What is -8 + 4 - (3 - 4 - 4)?
1
What is the value of -6 - (-10 - (-2 - -1))?
3
(8 + -5 - 15) + 10
-2
What is the value of 8 - (-6 + 8 - (-1 - -2))?
7
Evaluate -2 - (-15 - (5 + -11)).
7
Calculate (0 - (-2 - 1)) + -2.
1
-7 - 0 - (-10 - -2)
1
4 + -2 - (6 - 4 - -3)
-3
What is the value of -8 + 8 + (-4 - -7)?
3
Evaluate -7 - (-11 - (-2 - 4) - 0).
-2
What is (3 - 14) + -43 + 59?
5
(-3 - (-5 + 6 + -10)) + -8
-2
Evaluate 0 + 1 - (1 + -1 + -2).
3
Evaluate (11 - 1) + -23 + 18 + -10.
-5
What is the value of -1 - ((2 - 4) + (0 - 2))?
3
-2 + 0 + 3 - -2
3
What is the value of (-3 + -8 + 15 - 17) + 9?
-4
3 + 2 + (-3 + 7 - 2)
7
-4 + -4 + 3 + 4 + 2
1
-11 - -10 - (-5 - 0)
4
(1 - 3) + 0 + -3
-5
What is the value of -3 + (-4 - -7) + -1?
-1
Calculate (-8 - (-8 - -3) - -2) + 2.
1
Evaluate -5 - (-9 + 2) - (0 + 7).
-5
What is 6 - (1 + -7 + 8)?
4
Calculate 11 + (-4 - 10) - (-1 + 7).
-9
Calculate -4 - -6 - (1 - (-2 + 2)).
1
Evaluate -8 - -5 - -4 - 0.
1
1 + (-3 - -1) + (269 - 275)
-7
What is the value of -6 + 10 + -5 - -5?
4
What is (1 - -4) + -2 - 1 - 0?
2
What is -1 + 0 + (1 - -2 - 0)?
2
What is the value of 9 + (13 - 8 - 10)?
4
What is 6 + (-5 - -6 - 8)?
-1
Evaluate -7 - (-7 + 9) - -17.
8
What is 3 - (3 + 0 + 3 + -2)?
-1
-5 - (3 - 5) - (-13 + 7)
3
1 + 9 + (2 - 5) - 1
6
What is the value of 3 - (-4 + 1 + 1)?
5
Calculate (1 - 4 - -2) + 3.
2
Evaluate 4 - (1 - -4 - 1).
0
What is 7 + -6 + -3 + 4 - 0?
2
What is the value of 0 - ((-1 - -6) + -7)?
2
What is the value of 5 - (-9 + 1 - (0 + -11))?
2
Calculate 0 + (1 + 0 - (-13 - -13)).
1
What is (2 - 3) + 8 + -2?
5
What is -31 + 30 - (1 - 1 - 0)?
-1
What is the value of -1 - (-3 - -1) - (18 + -15)?
-2
Calculate -3 + (0 - -1) + 28 + -28.
-2
-1 + 3 + 0 - 7
-5
Calculate -4 - ((-5 + 3 - -1) + 1).
-4
Evaluate 5 + -5 + 2 - (1 - 3).
4
What is the value of 25 + -23 - (2 - -1)?
-1
What is 12 + -2 + (30 - 34)?
6
What is the value of (13 - 10) + (1 - -2) - 1?
5
1 - 1 - ((-3 - -6) + -5)
2
What is (5 - (9 + (0 - 3))) + 12?
11
What is -16 + 1 + 11 - -13?
9
What is the value of 1 + (30 + -34 - (2 + -1))?
-4
What is the value of 1 - 1 - (-7 - -6)?
1
What is the value of -10 + (17 - 8) - 6?
-7
Calculate -3 + (-5 - (-8 + 1 - 0)).
-1
Calculate 2 - 13 - ((8 - 3) + -9).
-7
Evaluate -5 - (-11 - -8 - -2).
-4
-4 + (5 - 4 - 0)
-3
What is (-8 - 1) + 48 + -43?
-4
Evaluate 6 - 15 - (3 - 19).
7
What is -2 + 8